{"id":8100,"date":"2026-04-27T15:52:40","date_gmt":"2026-04-27T13:52:40","guid":{"rendered":"https:\/\/ehartner.com\/?post_type=product&#038;p=8100"},"modified":"2026-07-22T17:37:35","modified_gmt":"2026-07-22T15:37:35","slug":"kabelkuppler-4-3-10-lowpim-fuer-radiaflex-kabel-ra-78-50","status":"publish","type":"product","link":"https:\/\/ehartner.com\/hu\/koax-stecker\/kabelkuppler-4-3-10-lowpim-fuer-radiaflex-kabel-ra-78-50\/","title":{"rendered":"Kabelkuppler 4.3-10  LowPim f\u00fcr RADIAFLEX Kabel RA 78-50"},"content":{"rendered":"<p>A 43F-RA78-P02 k\u00e1belcsatlakoz\u00f3 egy 4,3\u201310-es csatlakoz\u00f3 (aljzat), LowPIM kivitelben, az RA 78-50 t\u00edpus\u00fa, 50 ohmos rendszerimpedanci\u00e1j\u00fa Radiax sziv\u00e1rg\u00f3vezet\u00e9kes k\u00e1belekhez val\u00f3 csatlakoztat\u00e1sra.<\/p>\n<p>A k\u00e1bel\u00e1tvezet\u00e9s t\u00f6m\u00edt\u00e9s\u00e9t a mell\u00e9kelt zsugorcs\u0151 biztos\u00edtja, amelyet a szerel\u00e9s ut\u00e1n kell felh\u00fazni. A csatlakoz\u00f3 kiz\u00e1r\u00f3lag az RA 78-50-es k\u00e1belekhez van m\u00e9retezve, \u00e9s nem alkalmas RCF-k\u00e1belekhez, mivel a k\u00fcls\u0151 \u00e1tm\u00e9r\u0151j\u00fck \u00e9s a k\u00e1bel fel\u00e9p\u00edt\u00e9se elt\u00e9r\u0151.<\/p>\n<p>A 43F-RA78-P02 tipikus alkalmaz\u00e1si ter\u00fcletei az \u00e9p\u00fcleten bel\u00fcli DAS-telep\u00edt\u00e9sek, az alag\u00fati r\u00e1di\u00f3rendszerek, valamint az LTE- \u00e9s 5G-h\u00e1l\u00f3zatok \u00e9p\u00fcleten bel\u00fcli lefed\u00e9se sziv\u00e1rg\u00f3vezet\u00e9kes k\u00e1bellel. A LowPIM kivitel biztos\u00edtja, hogy akt\u00edv t\u00f6bbs\u00e1vos rendszerekben ne keletkezzenek tov\u00e1bbi intermodul\u00e1ci\u00f3s term\u00e9kek.<\/p>","protected":false},"excerpt":{"rendered":"<p>4.3-10 K\u00e1belcsatlakoz\u00f3 (aljzat), LowPIM, Radiax RA 78-50 sziv\u00e1rg\u00f3vezet\u00e9kes k\u00e1belhez, 50 ohm. Szerel\u00e9s h\u0151re zsugorod\u00f3 cs\u0151vel. Nem kompatibilis az RCF-k\u00e1belekkel.<\/p>","protected":false},"featured_media":32488,"template":"","meta":[],"product_brand":[29],"product_cat":[1725,1190],"product_tag":[],"class_list":["post-8100","product","type-product","status-publish","has-post-thumbnail","product_brand-rfs","product_cat-koax-stecker","product_cat-steckverbinder","first","instock","taxable","shipping-taxable","product-type-simple"],"_links":{"self":[{"href":"https:\/\/ehartner.com\/hu\/wp-json\/wp\/v2\/product\/8100","targetHints":{"allow":["GET"]}}],"collection":[{"href":"https:\/\/ehartner.com\/hu\/wp-json\/wp\/v2\/product"}],"about":[{"href":"https:\/\/ehartner.com\/hu\/wp-json\/wp\/v2\/types\/product"}],"version-history":[{"count":0,"href":"https:\/\/ehartner.com\/hu\/wp-json\/wp\/v2\/product\/8100\/revisions"}],"wp:featuredmedia":[{"embeddable":true,"href":"https:\/\/ehartner.com\/hu\/wp-json\/wp\/v2\/media\/32488"}],"wp:attachment":[{"href":"https:\/\/ehartner.com\/hu\/wp-json\/wp\/v2\/media?parent=8100"}],"wp:term":[{"taxonomy":"product_brand","embeddable":true,"href":"https:\/\/ehartner.com\/hu\/wp-json\/wp\/v2\/product_brand?post=8100"},{"taxonomy":"product_cat","embeddable":true,"href":"https:\/\/ehartner.com\/hu\/wp-json\/wp\/v2\/product_cat?post=8100"},{"taxonomy":"product_tag","embeddable":true,"href":"https:\/\/ehartner.com\/hu\/wp-json\/wp\/v2\/product_tag?post=8100"}],"curies":[{"name":"wp","href":"https:\/\/api.w.org\/{rel}","templated":true}]}}

Kabelkuppler 4.3-10  LowPim für RADIAFLEX Kabel RA 78-50

<p>A 43F-RA78-P02 kábelcsatlakozó egy 4,3–10-es csatlakozó (aljzat), LowPIM kivitelben, az RA 78-50 típusú, 50 ohmos rendszerimpedanciájú Radiax szivárgóvezetékes kábelekhez való csatlakoztatásra.</p>
<p>A kábelátvezetés tömítését a mellékelt zsugorcső biztosítja, amelyet a szerelés után kell felhúzni. A csatlakozó kizárólag az RA 78-50-es kábelekhez van méretezve, és nem alkalmas RCF-kábelekhez, mivel a külső átmérőjük és a kábel felépítése eltérő.</p>
<p>A 43F-RA78-P02 tipikus alkalmazási területei az épületen belüli DAS-telepítések, az alagúti rádiórendszerek, valamint az LTE- és 5G-hálózatok épületen belüli lefedése szivárgóvezetékes kábellel. A LowPIM kivitel biztosítja, hogy aktív többsávos rendszerekben ne keletkezzenek további intermodulációs termékek.</p>

<p>4.3-10 Kábelcsatlakozó (aljzat), LowPIM, Radiax RA 78-50 szivárgóvezetékes kábelhez, 50 ohm. Szerelés hőre zsugorodó csővel. Nem kompatibilis az RCF-kábelekkel.</p>
