{"id":12781,"date":"2026-04-27T18:38:21","date_gmt":"2026-04-27T16:38:21","guid":{"rendered":"https:\/\/ehartner.com\/?post_type=product&#038;p=12781"},"modified":"2026-06-29T12:10:49","modified_gmt":"2026-06-29T10:10:49","slug":"m8-karimas-csatlakozo-3-polusu-arnyekolatlan-sodrott-vezetek-ip67-ip69k-ul-2238-m12x10-hatso-falra-szereles","status":"publish","type":"product","link":"https:\/\/ehartner.com\/hu\/binder-sensorik-m8\/m8-flanschdose-polzahl-3-ungeschirmt-litzen-ip67-ip69k-ul-2238-m12x10-rueckwandmontage\/","title":{"rendered":"M8 karim\u00e1s csatlakoz\u00f3, p\u00f3lussz\u00e1m: 3, \u00e1rny\u00e9kolatlan, sodrott vezet\u00e9kek, IP67\/IP69K, UL 2238, M12x1,0, h\u00e1ts\u00f3 falra szerel\u00e9s"},"content":{"rendered":"<p>A Binder 718-as sorozatb\u00f3l sz\u00e1rmaz\u00f3 M8-as karim\u00e1s csatlakoz\u00f3 (76 6518 1111 00003 0200) 3 p\u00f3lus\u00e1val megb\u00edzhat\u00f3 csatlakoz\u00e1si megold\u00e1st k\u00edn\u00e1l \u00e9rz\u00e9kel\u0151- \u00e9s m\u0171k\u00f6dtet\u0151alkalmaz\u00e1sokhoz. Az IP67\/IP69K v\u00e9delmi oszt\u00e1ly teljes v\u00e9delmet biztos\u00edt a por ellen, az ideiglenes v\u00edz al\u00e1 mer\u00edt\u00e9s ellen, valamint a nagynyom\u00e1s\u00fa\/g\u0151zsugaras tiszt\u00edt\u00e1s ellen \u2013 ide\u00e1lis az \u00e9lelmiszeripari \u00e9s nedves k\u00f6rnyezeti alkalmaz\u00e1sokhoz.<\/p>\n<p>A karim\u00e1s csatlakoz\u00f3 M12x1,0-es r\u00f6gz\u00edt\u0151menettel rendelkezik a h\u00e1ts\u00f3 falra t\u00f6rt\u00e9n\u0151 biztons\u00e1gos felszerel\u00e9shez. Az \u00e1rny\u00e9kolatlan kivitel \u00e9s a sodrott vezet\u00e9kekhez val\u00f3 csatlakoz\u00e1s rugalmas bek\u00f6t\u00e9st tesz lehet\u0151v\u00e9. Az M8-as csavaros reteszel\u00e9s rezg\u00e9s\u00e1ll\u00f3 csatlakoz\u00e1st biztos\u00edt. Az UL 2238 tan\u00fas\u00edt\u00e1snak k\u00f6sz\u00f6nhet\u0151en a csatlakoz\u00f3 \u00e9szak-amerikai alkalmaz\u00e1sokhoz is alkalmas.<\/p>\n<p>Jellemz\u0151 alkalmaz\u00e1si ter\u00fcletek a kapcsol\u00f3szekr\u00e9ny-gy\u00e1rt\u00e1s, a g\u00e9pgy\u00e1rt\u00e1s \u00e9s a berendez\u00e9stechnika, ahol neh\u00e9z k\u00f6rnyezeti felt\u00e9telek mellett is strapab\u00edr\u00f3 csatlakoz\u00e1sokra van sz\u00fcks\u00e9g. A beilleszthet\u0151 kialak\u00edt\u00e1s lehet\u0151v\u00e9 teszi a gyors, szersz\u00e1m n\u00e9lk\u00fcli szerel\u00e9st.<\/p>\n<p>Gy\u00e1rt\u00f3: Binder Connector (binder-connector.com). Kompatibilis az \u00e9rz\u00e9kel\u0151k \u00e9s m\u0171k\u00f6dtet\u0151k sz\u00e1m\u00e1ra k\u00e9sz\u00fclt szabv\u00e1nyos M8-as csatlakoz\u00f3kkal.<\/p>","protected":false},"excerpt":{"rendered":"<p>M8-as karim\u00e1s csatlakoz\u00f3, 3 p\u00f3lus\u00fa, Binder 718-as sorozat, IP67\/IP69K v\u00e9delmi oszt\u00e1ly. \u00c1rny\u00e9kolatlan kivitel, sodrott vezet\u00e9k csatlakoz\u00e1ssal, M12x1,0 r\u00f6gz\u00edt\u0151menettel h\u00e1ts\u00f3 falra szerel\u00e9shez. UL 2238 tan\u00fas\u00edtv\u00e1nnyal rendelkezik az \u00e9szak-amerikai piacra.<\/p>","protected":false},"featured_media":31588,"template":"","meta":[],"product_brand":[26],"product_cat":[1615,1518],"product_tag":[],"class_list":["post-12781","product","type-product","status-publish","has-post-thumbnail","product_brand-binder","product_cat-binder-sensorik-m8","product_cat-sensorstecker","first","onbackorder","taxable","shipping-taxable","product-type-simple"],"_links":{"self":[{"href":"https:\/\/ehartner.com\/hu\/wp-json\/wp\/v2\/product\/12781","targetHints":{"allow":["GET"]}}],"collection":[{"href":"https:\/\/ehartner.com\/hu\/wp-json\/wp\/v2\/product"}],"about":[{"href":"https:\/\/ehartner.com\/hu\/wp-json\/wp\/v2\/types\/product"}],"version-history":[{"count":0,"href":"https:\/\/ehartner.com\/hu\/wp-json\/wp\/v2\/product\/12781\/revisions"}],"wp:featuredmedia":[{"embeddable":true,"href":"https:\/\/ehartner.com\/hu\/wp-json\/wp\/v2\/media\/31588"}],"wp:attachment":[{"href":"https:\/\/ehartner.com\/hu\/wp-json\/wp\/v2\/media?parent=12781"}],"wp:term":[{"taxonomy":"product_brand","embeddable":true,"href":"https:\/\/ehartner.com\/hu\/wp-json\/wp\/v2\/product_brand?post=12781"},{"taxonomy":"product_cat","embeddable":true,"href":"https:\/\/ehartner.com\/hu\/wp-json\/wp\/v2\/product_cat?post=12781"},{"taxonomy":"product_tag","embeddable":true,"href":"https:\/\/ehartner.com\/hu\/wp-json\/wp\/v2\/product_tag?post=12781"}],"curies":[{"name":"wp","href":"https:\/\/api.w.org\/{rel}","templated":true}]}}

M8 karimás csatlakozó, pólusszám: 3, árnyékolatlan, sodrott vezetékek, IP67/IP69K, UL 2238, M12x1,0, hátsó falra szerelés

<p>A Binder 718-as sorozatból származó M8-as karimás csatlakozó (76 6518 1111 00003 0200) 3 pólusával megbízható csatlakozási megoldást kínál érzékelő- és működtetőalkalmazásokhoz. Az IP67/IP69K védelmi osztály teljes védelmet biztosít a por ellen, az ideiglenes víz alá merítés ellen, valamint a nagynyomású/gőzsugaras tisztítás ellen – ideális az élelmiszeripari és nedves környezeti alkalmazásokhoz.</p>
<p>A karimás csatlakozó M12x1,0-es rögzítőmenettel rendelkezik a hátsó falra történő biztonságos felszereléshez. Az árnyékolatlan kivitel és a sodrott vezetékekhez való csatlakozás rugalmas bekötést tesz lehetővé. Az M8-as csavaros reteszelés rezgésálló csatlakozást biztosít. Az UL 2238 tanúsításnak köszönhetően a csatlakozó észak-amerikai alkalmazásokhoz is alkalmas.</p>
<p>Jellemző alkalmazási területek a kapcsolószekrény-gyártás, a gépgyártás és a berendezéstechnika, ahol nehéz környezeti feltételek mellett is strapabíró csatlakozásokra van szükség. A beilleszthető kialakítás lehetővé teszi a gyors, szerszám nélküli szerelést.</p>
<p>Gyártó: Binder Connector (binder-connector.com). Kompatibilis az érzékelők és működtetők számára készült szabványos M8-as csatlakozókkal.</p>

<p>M8-as karimás csatlakozó, 3 pólusú, Binder 718-as sorozat, IP67/IP69K védelmi osztály. Árnyékolatlan kivitel, sodrott vezeték csatlakozással, M12x1,0 rögzítőmenettel hátsó falra szereléshez. UL 2238 tanúsítvánnyal rendelkezik az észak-amerikai piacra.</p>
